he greatest common factor of 26220 and 33189.
69
Calculate the highest common divisor of 465 and 297690.
15
What is the greatest common divisor of 728817006 and 4098?
4098
Calculate the highest common factor of 140650 and 435.
145
Calculate the highest common divisor of 4734 and 173664686.
526
What is the highest common factor of 250217 and 138069?
529
What is the highest common divisor of 114632 and 2188243?
2047
What is the greatest common factor of 1886226 and 1302?
186
What is the greatest common factor of 45 and 224567040?
15
What is the highest common divisor of 140099 and 2726?
29
What is the greatest common divisor of 3215 and 364415106?
643
Calculate the greatest common divisor of 137834216 and 13.
13
Calculate the highest common factor of 602624799 and 7.
7
What is the highest common divisor of 5753208 and 289?
17
What is the highest common divisor of 30889944 and 25845?
5169
What is the highest common factor of 6154 and 306976?
362
Calculate the highest common divisor of 9234 and 6612516.
486
What is the highest common factor of 231 and 1128083?
11
Calculate the greatest common divisor of 183133230 and 422.
422
What is the highest common factor of 1246 and 23121399?
623
What is the greatest common factor of 946 and 116573688?
946
What is the highest common factor of 60240 and 9789502?
502
What is the highest common factor of 611 and 28554145?
47
What is the greatest common factor of 3486 and 823028?
166
What is the greatest common factor of 47115 and 445311?
27
Calculate the greatest common factor of 33831066 and 764.
382
What is the greatest common divisor of 380 and 2960640?
20
What is the highest common factor of 376 and 231195256?
376
What is the greatest common divisor of 84643224 and 15060?
3012
What is the greatest common factor of 31781425 and 143?
13
What is the highest common divisor of 2722336 and 96?
32
Calculate the highest common factor of 52288875 and 50.
25
Calculate the greatest common factor of 139302974 and 848.
106
Calculate the highest common factor of 8708800 and 6.
2
What is the greatest common factor of 27 and 214449?
3
What is the greatest common factor of 42401511 and 9?
9
Calculate the greatest common divisor of 274 and 183554929.
137
Calculate the greatest common divisor of 1539 and 180443.
19
Calculate the highest common factor of 647 and 17138383.
647
Calculate the greatest common factor of 949178 and 1105.
17
What is the greatest common divisor of 5341 and 34192319?
763
Calculate the greatest common factor of 56922774 and 4254.
4254
What is the highest common factor of 3 and 287195553?
3
Calculate the highest common divisor of 8418 and 4817475.
183
What is the greatest common divisor of 52 and 9405780?
4
Calculate the greatest common factor of 258841056 and 7320.
1464
Calculate the highest common divisor of 159054 and 148775.
541
Calculate the highest common factor of 18150 and 515339.
121
Calculate the greatest common factor of 505 and 16163131.
101
What is the highest common factor of 45077175 and 30195?
495
Calculate the highest common divisor of 21625434 and 54.
54
Calculate the highest common divisor of 4860 and 724635.
45
Calculate the highest common divisor of 198 and 247291.
11
Calculate the greatest common factor of 56 and 6049869.
7
Calculate the greatest common divisor of 48200085 and 3330.
1665
What is the highest common divisor of 232821 and 58752?
27
What is the greatest common divisor of 14894 and 25726?
1354
Calculate the greatest common divisor of 408534 and 286272.
2982
What is the greatest common divisor of 1458 and 19700496?
1458
What is the highest common divisor of 12842568 and 267714?
1926
What is the highest common divisor of 9541824 and 296?
8
Calculate the highest common divisor of 411 and 321327.
3
What is the greatest common divisor of 1664 and 10114?
26
What is the greatest common factor of 15795923 and 507?
169
Calculate the highest common divisor of 49206166 and 389.
389
What is the highest common divisor of 213323 and 697?
41
Calculate the highest common divisor of 122 and 65511926.
122
What is the greatest common factor of 50 and 1291780010?
10
Calculate the greatest common factor of 2160 and 145794600.
1080
What is the highest common divisor of 10894104 and 65?
13
What is the highest common divisor of 97088 and 3008?
64
Calculate the highest common factor of 17728 and 87369124.
1108
What is the highest common factor of 109 and 6388817?
109
What is the greatest common divisor of 760171157 and 86?
43
What is the greatest common factor of 124677 and 77931?
63
What is the greatest common factor of 18 and 11697606?
18
Calculate the highest common divisor of 754961 and 8037.
47
What is the highest common factor of 505807 and 1829?
59
What is the greatest common factor of 12753515 and 50?
5
What is the highest common divisor of 53791087 and 7?
7
What is the highest common divisor of 177474808 and 2576?
1288
Calculate the greatest common factor of 235788 and 12180.
84
Calculate the highest common divisor of 147858 and 1539.
57
What is the highest common factor of 987308 and 54902330?
13342
Calculate the greatest common divisor of 13 and 268613241.
13
Calculate the greatest common divisor of 15997 and 178772.
17
Calculate the greatest common factor of 276506001 and 2403.
2403
Calculate the highest common divisor of 554736 and 1374672.
624
What is the highest common divisor of 9129 and 846491?
179
Calculate the highest common divisor of 8010 and 2136.
534
What is the highest common divisor of 125103616 and 64?
64
Calculate the highest common factor of 751825 and 19215.
305
Calculate the greatest common divisor of 68285 and 193228.
7
Calculate the highest common factor of 347530 and 782.
46
What is the highest common divisor of 1295 and 685610?
185
What is the highest common factor of 654966 and 162162?
2106
Calculate the highest common factor of 3320302 and 679058.
4166
What is the greatest common divisor of 925029 and 6741?
63
What is the greatest common factor of 21555364 and 856?
428
What is the highest common factor of 1102718 and 78016?
106
What is the greatest common divisor of 607432 and 1400?
56
What is the greatest common factor of 865362 and 665448?
1398
What is the highest common divisor of 255 and 1898560?
85
What is the greatest common divisor of 2754 and 264402?
18
Calculate the highest common factor of 319 and 25768298.
29
What is the greatest common factor of 8437776 and 456?
24
What is the greatest common factor of 6373716 and 156?
12
Calculate the highest common factor of 441117 and 33327.
207
What is the greatest common factor of 428528 and 8912?
16
What is the highest common factor of 75 and 25074025?
25
Calculate the highest common factor of 2804145 and 90525.
1065
What is the highest common divisor of 851326 and 1825?
73
Calculate the greatest common factor of 2379 and 3207.
3
What is the greatest common divisor of 764067215 and 8180?
2045
Calculate the highest common factor of 12424 and 687979.
1553
Calculate the greatest common factor of 715 and 142505.
55
What is the highest common divisor of 30408705 and 135?
45
Calculate the greatest common factor of 158 and 171592266.
158
What is the greatest common factor of 1079 and 49378277?
1079
Calculate the highest common divisor of 23832 and 5.
1
Calculate the highest common factor of 258218813 and 3683.
3683
Calculate the greatest common factor of 51290 and 996130.
230
What is the highest common divisor of 671 and 15945949?
61
Calculate the highest common divisor of 53598168 and 1560.
312
Calculate the highest common factor of 8140 and 646316.
1628
Calculate the highest common divisor of 665880 and 89940.
60
Calculate the greatest common factor of 685 and 204193705.
685
Calculate the greatest common divisor of 30696815 and 413.
59
What is the greatest common factor of 590250472 and 136?
136
Calculate the greatest common divisor of 48 and 27309.
3
What is the greatest common factor of 321584 and 327952?
3184
Calculate the highest common factor of 149822 and 33074.
46
What is the highest common factor of 5956081 and 3199?
457
Calculate the greatest common divisor of 4594818 and 12.
6
Calculate the greatest common factor of 24735 and 528502851.
4947
What is the highest common factor of 441220 and 51220?
260
